 prime factors of r?
11
Suppose 9*l - 11*l + 8 = 0. Let p(y) be the third derivative of y**5/30 + y**4/8 - 5*y**3/6 + y**2. What are the prime factors of p(l)?
3, 13
Let c(k) = k - 1. Let s(t) = t**3 + 6*t**2 - 4*t + 6. Let d(q) = -3*c(q) - s(q). List the prime factors of d(-7).
3, 13
Suppose 4*m - 48 = m. List the prime factors of 3/(-2) + 824/m.
2, 5
Suppose -3*t - 3409 + 17527 = -4*p, 5*p + 17649 = 3*t. List the prime factors of p/(-121) + (-4)/22.
29
Suppose 18*t + 21 = 21*t. Let i(y) = 30*y - 50. List the prime factors of i(t).
2, 5
Let i = 875 + -89. List the prime factors of i.
2, 3, 131
Suppose -4*h + 12 = 4. Suppose 2*c - o = 0, 0 = 5*c + h*o + 22 - 4. What are the prime factors of -7*-2*(-1)/c?
7
Let s be 14*(-10)/(-2) + 2. Suppose 210 = -18*o + 13*o. Let v = s + o. What are the prime factors of v?
2, 3, 5
Let x = 7 + 23. Let m be ((-16)/(-6))/(20/x). Suppose -3*c + m*c = -2*r + 18, r - 126 = -5*c. List the prime factors of c.
2, 13
Suppose 0 = -4*p + 8. Let l be p*(-2 + 3)*-10. List the prime factors of (-1430)/l - (-2)/(-4).
71
Let z be 2/6*0/(-4). Suppose z = -3*d - 0*d + 4*a - 20, -4*d - a = 52. Let u(b) = b**3 + 11*b**2 - 14*b - 9. What are the prime factors of u(d)?
3, 5
Let h = -47 - -94. Let n = -17 + h. List the prime factors of n.
2, 3, 5
Let t(j) = j**3 - j**2 - j - 1. Let v(n) = n**3 + 9*n**2 - 10*n + 5. Let q(h) = 4*t(h) - v(h). List the prime factors of q(5).
71
List the prime factors of ((-120)/8 - -8) + 134.
127
Let w(u) = -u**2 + 18*u + 48. What are the prime factors of w(15)?
3, 31
Let o be (-880)/(-330)*(-42)/4. Suppose -c = -6*c - 265. Let l = o - c. What are the prime factors of l?
5
Let m(s) = s**2 + 13*s + 30. List the prime factors of m(-22).
2, 3, 19
Suppose 4*d + d + 2*q = 14885, 8932 = 3*d + q. List the prime factors of d.
3, 331
Let y = 36 - 38. What are the prime factors of (-158)/(-4) + (-7)/y + -2?
41
Let c = 1060 + -616. List the prime factors of c.
2, 3, 37
Suppose 2*y + 398 - 1684 = -2*c, 0 = -5*c + 2*y + 3250. Suppose 6*u = 3*u - c. List the prime factors of (0 - -1)/((-8)/u).
3
Suppose 0 = 10*i - 14*i - 52. Let l(s) = -15*s - 32. List the prime factors of l(i).
163
Let j be ((-3762)/54)/((-1)/6). Suppose -b - 3*b + j = 3*f, 2*b = 2*f + 202. What are the prime factors of b?
103
Suppose -8*q + 55 = -7*q. Suppose 3*v - 52 = -0*v - z, 4*v - 73 = -5*z. Suppose v = 3*i - q. List the prime factors of i.
2, 3
Let i(a) = 4*a**2 - 6*a + 3. Let b(d) = 5*d**2 - 6*d + 3. Let s(v) = -3*b(v) + 4*i(v). Let j be s(6). Suppose y + j*y = 48. List the prime factors of y.
2, 3
Let w(j) = j**3 - 20*j**2 + 17*j + 3. What are the prime factors of w(20)?
7
Let y(u) = 6 - 4 - 5*u - 1. Let b be y(-11). Suppose d - b = -d. List the prime factors of d.
2, 7
Suppose 5*y + 595 = 3*u, 0 = y + u - 6*u + 97. Let l = y + 270. What are the prime factors of l?
2, 37
Let s = 0 - 0. Suppose s = 7*q - 3*q - 48. Suppose 4*h - 56 = q. What are the prime factors of h?
17
Suppose -38*i - 7387 + 29617 = 0. List the prime factors of i.
3, 5, 13
List the prime factors of (-5 - (-9 - -5)) + 388.
3, 43
Let m(p) = 10*p. Let t be m(2). Suppose -6*k + k = -t. Suppose k*q - 76 = -0*q. List the prime factors of q.
19
List the prime factors of 25143/29 - (1 + -4) - 4.
2, 433
Suppose b - 396 = -54. List the prime factors of b.
2, 3, 19
Let z(j) = j**2 + 5. Let q be z(-3). Let r = q - 9. Suppose -3*k + 2*f + 71 = -3*f, -89 = -r*k + f. List the prime factors of k.
17
Let y(c) = 4*c + 1 + 0*c - 6*c + 5*c. Let h be y(1). Suppose h*d - 8*d = 5*n - 204, 3*d = 4*n + 153. List the prime factors of d.
3, 17
Let j be 3 - (2 + (-6 - -1)). Suppose -j*d + 160 = -d. Suppose -4*c + d = -88. List the prime factors of c.
2, 3, 5
Let w(r) = -28*r. Let f be w(1). Let i(d) = -d**3 + 7*d**2 + 2*d - 11. Let u be i(5). Let m = f + u. What are the prime factors of m?
3, 7
Let x be (-40)/(-18) + 24/(-108). Suppose 3*n - 68 = x*n. What are the prime factors of n?
2, 17
Suppose 0 = -3*w + w. Suppose 2*v - 51 + 1 = w. List the prime factors of v.
5
Let s be (-1)/(2*(-2)/8). Suppose -s*y + 398 = -2*w, -2*y + 283 = 3*w - 115. List the prime factors of y.
199
Let c(b) = b**2 - 4*b - 8. Let m be c(8). Let z = m + 26. What are the prime factors of z?
2, 5
Suppose 3*z + 3*l - 1011 = 0, -4*z - 3*l + 1356 = -l. What are the prime factors of z?
11, 31
Let u = 949 + -479. List the prime factors of u.
2, 5, 47
Let s(o) = -o**3 - o**2 + 2. Let q be s(-2). Let i be -60*(q/4 + -2). Let x = 48 - i. List the prime factors of x.
2, 3
Let z = 1749 + 17. List the prime factors of z.
2, 883
Suppose 18 = -t + 3. Let w = -12 - t. Suppose -q + 16 = w*q. What are the prime factors of q?
2
Let f(o) = -4*o - 2. Let m = -22 - 10. Let y be (-4)/6 + m/24. What are the prime factors of f(y)?
2, 3
Suppose 5*c - 3*c + 40 = 0. Let t = -16 - c. Suppose -3*s + t*h = -4*s, -52 = -4*s - 3*h. List the prime factors of s.
2
Let d = -1625 - -5453. What are the prime factors of d?
2, 3, 11, 29
Let o be -1 + -2 + (2 - -1) + 278. Let a = -159 + o. What are the prime factors of a?
7, 17
Let k(x) = -x**3 + 9*x**2 + 7*x - 2. Let q(i) = -2*i**3 + 19*i**2 + 15*i - 3. Let o(f) = 7*k(f) - 3*q(f). What are the prime factors of o(5)?
2, 5
Suppose -4*z - 493 = -3*s, -5*z = 2*s + 567 + 32. Let u = z + 193. List the prime factors of 2/(8/12) + u.
3, 5
Let u be (-3)/((-6)/(-133))*2. Suppose t + 5*y - 212 = 0, -5*t + 5*y = 346 - 1256. Let g = t + u. List the prime factors of g.
2, 3
Suppose -37 = -4*x - 4*y + 7, 3*x - 5*y = 65. Let q be (-5)/(x/9) - -161. Let g = q + -106. List the prime factors of g.
2, 13
Let y(s) = -s**3 + 38*s**2 - 21*s + 39. What are the prime factors of y(12)?
3, 11, 107
Let i(w) = w**2 - 3*w - 5. Let r be i(5). Suppose 5*y + 4*c - 28 = -0*y, r*c - 18 = -2*y. Suppose y*t - t = 81. What are the prime factors of t?
3
Suppose 3*m = -5*i + 54, -3 = -m + 3*i + 1. Let d = m - -13. List the prime factors of d.
2, 13
Suppose 4*m + q = 3, 0*q + q = -m - 3. Suppose -10 = m*v + h, -2*h - 23 = 5*v + h. What are the prime factors of 96/(-56)*v/2?
2, 3
Suppose -3*p = -0*p + 3. Let z = -401 - -400. List the prime factors of (-2*11)/(p + z).
11
Suppose -32 = -3*y - o - 0, y + 2*o - 4 = 0. Let p(i) = -i**2 + 24*i + 7. List the prime factors of p(y).
151
Suppose -s = -4*o - 5, s = -0*s + 3*o + 7. Suppose s = -k + 24. What are the prime factors of k?
11
Let y be (1 + -3 + 1)/(20/60). What are the prime factors of (-5 - y)*15/(-4)*6?
3, 5
Suppose -s + 318 = 3*s + 2*w, -4*w + 316 = 4*s. List the prime factors of (s/64)/(1/8).
2, 5
Let f(b) = -2*b**3 + 20*b**2 + 73*b - 3. What are the prime factors of f(10)?
727
Let u(x) = -3*x**3 + 8*x**2 - 34*x - 216. List the prime factors of u(-6).
2, 3, 7, 11
Let y = 219 - -2. List the prime factors of y.
13, 17
List the prime factors of -2*(-3)/(-6)*-77.
7, 11
Suppose 0 = -5*q, 7*v - 30 = 2*v + 5*q. Suppose 5*d - 5*u = 180, 0 = -u + 3 - v. Let p = d + -25. What are the prime factors of p?
2
Suppose 15*f - 24287 - 13213 = 0. What are the prime factors of f?
2, 5
Let y(i) = i + 6. Let g be y(-2). Suppose 0*v + 4*v = 4*n + 24, -n = g*v - 14. List the prime factors of v.
2
Let q = 296 + -136. Suppose -5 = -5*n, 0*n = -3*r - n + q. What are the prime factors of r?
53
Let z = 3 + -3. Suppose -3*l = -z*l. Suppose 0 = 5*y - h - 30, l = -4*y - h + 46 - 13. What are the prime factors of y?
7
Let i be (3 - (-69)/(-6))*-2. Let h(b) = i*b - 6*b**2 - 6 - b**2 + 6*b**2. List the prime factors of h(14).
2, 3
Let q = 24 + 18. Let v = -7 + q. List the prime factors of v.
5, 7
Let b = -577 + 961. Suppose b = 8*i - 6*i. What are the prime factors of i?
2, 3
Suppose 0 = x - 5*u + 24, -8 = 3*x - x - 2*u. Let o be (4/(-3))/(x/(-3)). Let j(k) = 17*k - 2. List the prime factors of j(o).
2, 3, 11
Let o be (-130)/11 - 14/77. Let w be (o/4)/((-9)/12). Suppose -5 = 3*t + w, 39 = 3*s + 5*t. List the prime factors of s.
2, 3
Let q be 3/(-2) - 9/(-2). Let r be q/(-2)*(-490)/21. Let x = 27 + r. What are the prime factors of x?
2, 31
Suppose 4*p + 992 = 4*o, 5*p + 484 = 3*o - o. What are the prime factors of o?
2, 3, 7
Suppose 18*h - 19*h = -207. Suppose -h = -6*p + 3. What are the prime factors of p?
5, 7
Let n be 512/(-12)*(-4 + -2). Suppose 4*j = -4*z + n, z + 0*j = -5*j + 72. Let x = -33 + z. What are the prime factors o